the units digit of l?
5
Let h = 541 - -219. What is the units digit of h?
0
Suppose 0 = -4*p + 176 - 28. Let t = -28 + p. What is the units digit of t?
9
Let x = 114 + -57. Suppose -3*l + 2*i + x = 5*i, -123 = -5*l + 2*i. What is the tens digit of l?
2
Let n be 1390/14 + 20/(-70). Let p be 8/(-20) - (-132)/30. Suppose k - p*k = -n. What is the tens digit of k?
3
Suppose 4*q = -2*a - 1435 + 22561, -5*a = 25. What is the thousands digit of q?
5
Suppose 22*s - 18271 = 11*s. What is the units digit of s?
1
Let u(o) = 13*o**2 - o - 1. Suppose -3*q + 2*q = n, 3*n = 4*q - 7. Let f be u(n). Suppose -9 = y - f. What is the units digit of y?
4
Suppose -2*q - 4*v + 12*v + 1134 = 0, -q + 572 = -5*v. What is the units digit of q?
7
What is the units digit of 1581/(-2)*(-26)/(-39)*-1?
7
Suppose -2*y + 30 = -y. Let q be 1 - 0/1 - (9 - 3). Let i = q + y. What is the units digit of i?
5
Let h = -23 - -27. Suppose -s = 2*n + 2*s - h, 2*s - 16 = -3*n. Suppose -4*x + 48 + n = 0. What is the tens digit of x?
1
Let s be (2 - -1 - 0)/(-1). What is the hundreds digit of s + 2 + 2 - -339?
3
Suppose -k - 3*k = -3*i - 826, i + 2 = 0. Suppose -k = -u + 3*s, -405 = -3*u - 2*s + 199. What is the units digit of u?
2
Suppose -6993 = -10*t + 4237. What is the hundreds digit of t?
1
Let t be 60/45 - 620/6. What is the units digit of 138/17 - (-12)/t?
8
Suppose 4*p = 3*b + 27, 2*p - b - 16 = b. Suppose 0 = a - 5*a - s + 5, 5*s + 9 = -p*a. What is the units digit of a?
2
Let w be 25/((-2)/(-2)) - 2. Suppose 5*j = w + 217. Suppose -7*r + 4*r + j = 0. What is the tens digit of r?
1
What is the tens digit of (-44)/20 - (-1)/5 - -15?
1
Let k(v) = 14*v + 2. Let s be k(-1). Let y = 87 - s. What is the units digit of y?
9
Suppose -2*z - 26 = -0. Let y(p) = 11*p + 4. Let u(b) = 5*b + 2. Let w(k) = z*u(k) + 6*y(k). What is the units digit of w(8)?
6
Let r(g) = g**2 - 2*g + 1. Let z be r(3). Let j be 12/(-8) - (-42)/z. Suppose -3*p + 5*s + j + 49 = 0, -p + 4*s = -31. What is the units digit of p?
1
Let v = -5 + 10. Let o = -18 - -42. Suppose 0 = -s + o - v. What is the units digit of s?
9
Suppose -g + 3 + 10 = 0. Let l = g - 12. What is the units digit of l?
1
Let g be (-1)/(-3) - (-10)/(-3). Let b(z) be the second derivative of -z**5/10 - z**4/4 + z**3/2 - z**2/2 + 56*z. What is the units digit of b(g)?
7
Let g be (0 - (1 - (4 + 0)))*12. Let l = 61 - g. What is the tens digit of l?
2
Let g = -23 - -31. Let p(d) = -d**2 + 8*d. Let f be p(g). Let o(h) = 2*h + 24. What is the units digit of o(f)?
4
Suppose -4416 = -9*t + 2199. What is the tens digit of t?
3
Suppose 0 = -4*c + 5*m - 269, c = 3*m - 0*m - 76. What is the units digit of (2 + -5)/(-1) - c?
4
Suppose 3*c - 1652 = -4*f, 5*c + 6*f - 2750 = f. What is the tens digit of c?
4
Let z(g) = 0*g - 11*g**2 - g**3 + 3*g + 10 + 2*g**3. What is the units digit of z(11)?
3
Let l be (-3)/(3/4)*-1. Let r = l + 0. Suppose 3*v = -4*n + 53, -5*v - 5 = -r*v. What is the tens digit of n?
1
Suppose -4*b - 5489 = 2*p - 24485, 0 = -3*b + 5*p + 14247. What is the hundreds digit of b?
7
Let i(t) = -t**2 - 6*t + 2. Let x be i(-5). Let f = x + -4. What is the units digit of ((-2)/5)/(f/(-60))?
8
Let v = 60 + -57. Let g(l) = 8*l**2 + 3*l - 2. What is the tens digit of g(v)?
7
Suppose -2*x + 3*b + 373 = -x, -4*b - 1500 = -4*x. What is the tens digit of x?
7
What is the hundreds digit of 6*(-1 - 6155/(-15))?
4
Suppose 455 - 2981 = -3*c. What is the tens digit of c?
4
Suppose 402 - 126 = -2*l. Let m = l + 238. What is the hundreds digit of m?
1
Let f(i) = 3*i - 34. Let y be f(0). Let u = 67 + y. What is the tens digit of u?
3
Let t = 25 - 20. Suppose 0 = -4*g - t*u + 115 - 7, -2*g = -u - 40. What is the units digit of g?
2
Let u = 17 - 8. What is the units digit of (876/u - 2) + 8/12?
6
Let r(d) = -11*d - 2. Let j be r(3). What is the hundreds digit of 140*(j/(-20) + -1)?
1
What is the units digit of ((-1040)/12)/(6/(-36))?
0
Suppose 5*b = 3 + 12. What is the tens digit of (-4)/54*b + (-1750)/(-18)?
9
Let q(k) = -35*k**3 + 11*k**2 - 12*k + 1. What is the thousands digit of q(-5)?
4
Let v be (3 - 0)/3 - -17. Let h be (-6)/27 - (-58)/v. Suppose j + 40 = h*j. What is the units digit of j?
0
Let d(z) be the second derivative of 97*z**3/3 - z**2 - 2*z. Let n be d(1). Suppose 0 = -3*x - x + n. What is the units digit of x?
8
Suppose -5*j - 2*s = -10671, 2*j + 4*s - 4056 = 206. What is the thousands digit of j?
2
Let m(c) = -23*c**3 - 10*c**2 - 9. Let n(p) = -11*p**3 - 5*p**2 - 4. Let i(w) = -4*m(w) + 9*n(w). What is the units digit of i(-2)?
6
Let l = 344 + 962. What is the units digit of l?
6
Suppose -2*o + 0*o - 8 = 0, 1158 = 5*c - 2*o. What is the tens digit of c?
3
Suppose 3505 = 5*l - 4*r, 128*r - 730 = -l + 123*r. What is the hundreds digit of l?
7
Let n = 93 + -269. Let g = n - -250. What is the tens digit of g?
7
Let q(b) be the third derivative of b**6/120 + b**5/12 - b**4/6 + b**3/2 + b**2. Let g be q(-5). Suppose -g = 2*d - 105. What is the units digit of d?
1
Suppose 3*o - 5 = 4. Suppose -o*r + 16 = -r. Suppose r*d = 7*d + 18. What is the units digit of d?
8
Let f = -52 - -58. Let o = f - -41. What is the units digit of o?
7
Let j(q) = -q**3 + 16*q**2 + 16*q + 19. Let o be j(17). Suppose 4 = o*n - 34. What is the tens digit of n?
1
Suppose 2*w + 59 = -n, 0*w = w - 5*n + 13. Let l = w + 19. What is the tens digit of 47/3 + (-3)/l?
1
Suppose -3*d + 716 = 2*d + c, 5*d - 708 = -3*c. What is the tens digit of (22/(-4))/((-8)/d)?
9
Let z(q) be the first derivative of 2*q**3/3 - 5*q**2/2 - 15*q + 9. What is the units digit of z(7)?
8
Let j be ((-1 - 1) + 2)/(-1). Suppose j*n - 4*k - 18 = -2*n, 0 = -3*n + 3*k + 42. What is the tens digit of n?
1
Let b(w) = -54*w**2 - 2 + w + 0*w + 0*w + 1. Let q be b(-1). What is the units digit of -9*(q/12 - -3)?
5
Suppose 54*d - 16*d = 16986. What is the units digit of d?
7
Suppose 358*x = 352*x + 29040. What is the hundreds digit of x?
8
What is the tens digit of 20/(-30) + 1736/3 + -3?
7
Let y(r) = -r**2 + 6*r - 10. Let w be y(8). Let u be (-498)/8 - (-3)/12. Let p = w - u. What is the tens digit of p?
3
Let j be (-5 - -5)/((-1 - 2) + 2). Suppose j = 17*s - 2202 + 706. What is the units digit of s?
8
Let c(i) = 40*i**2 + 37*i - 69. What is the hundreds digit of c(4)?
7
Suppose -21*a + 43964 = -32224. What is the thousands digit of a?
3
Suppose 5*n = 6*n. Suppose w = -n*w. Suppose t = -w*t + 22. What is the units digit of t?
2
Suppose -2 = -b - 4. What is the units digit of -1 + (b - -1)*-33?
2
Let n(k) = k**3 - 36*k**2 - 119*k - 161. What is the thousands digit of n(40)?
1
Let w(k) = -5*k + 6. Let y be w(-4). Suppose -q - 11 = -y. What is the units digit of q?
5
Suppose 0 = i - 3*i + 28. What is the units digit of -5*i*(-9)/15?
2
Let q(b) = -3*b**2 - b + 2. Let g be q(-2). Let i(w) = -11*w - 7. Let y be i(g). Let r = y + -49. What is the tens digit of r?
3
What is the tens digit of (894/(-30))/(21/(-210))?
9
Suppose 4*g - 45 = -29. Let k(y) = 4*y**3 - 6*y**2 + 4*y - 14. What is the hundreds digit of k(g)?
1
Suppose 3*b = -b - 0*b. Suppose -3*k - t = -271, 0*k + 4*k - 5*t - 336 = b. What is the units digit of k?
9
Let l(p) = 639*p - 49. What is the tens digit of l(2)?
2
Let h(i) = 6*i + 6. Let y be h(5). Let p = -12 + y. What is the units digit of -2 - (0 - (p + 3))?
5
Let q = 84 - 161. Let c = -47 - q. What is the units digit of c?
0
Suppose k - 6 = -k, -157 = 4*z - 3*k. What is the tens digit of z*(-6 - -4 - -1)?
3
Let h = 31 + -28. Suppose 3*x + 109 = m, -3*x = -6*m + h*m + 345. What is the units digit of m?
8
Let b = 55 - -143. What is the hundreds digit of b?
1
Suppose 7 + 41 = -2*y. Let m = y - -20. What is the tens digit of m + (-84)/((-4)/2)?
3
Suppose -25*p = -33*p + 14208. What is the tens digit of p?
7
Let r = 1732 + -1137. What is the units digit of r?
5
Let j = -65 + -19. Let g be (j/8)/3*-38. Suppose -4*f + g = 5*n, -3*n + 69 = -f - 2*f. What is the tens digit of n?
2
Suppose -6*w - 20 = -w. What is the units digit of w/2 + (82 - 2)?
8
Let d = -4599 - -8575. What is the hundreds digit of d?
9
Suppose 3*l - 4452 = -5*f, -f = -5*l - 140 - 728. What is the hundreds digit of f?
8
Suppose 68 + 142 = -5*f. Let m = f - -78. What is the tens digit of m?
3
Suppose 2*f + 1 = 3. Let g be ((-28)/12)/(f/(-3)). Suppose 0*h